 + d. What is the tens digit of i?
3
Suppose -3*z = 5*a + 27 - 7, 4*z + 12 = -3*a. Suppose -k = -4*y - 1, -3*k - 3*y + 2*y + 29 = z. What is the units digit of k?
9
Let a = 20 + -18. Suppose a*c + 64 = 4*c. What is the tens digit of c?
3
Let j(c) = -c**2 + 18*c - 7. Let u be j(21). What is the tens digit of 7 - u - (-6)/2?
8
Suppose -13120 = -20*q + 12*q. What is the tens digit of q?
4
Suppose 5*m - 5*y + 40 = 0, -3*m + 5 - 39 = 2*y. Let g be m/(-2) + 5 + -8. What is the tens digit of -4 + 34 - (g - 0)?
2
Let o be ((135/(-2))/5)/(81/216). What is the tens digit of (o/8)/(-9)*524?
6
Let f = -832 + 1952. What is the tens digit of f?
2
Suppose 1 = 5*t + 3*i - 4, -3*i = -t + 19. Suppose -2*z - t*s = -175 - 57, 3*s = 3*z - 348. What is the units digit of z?
6
Suppose -3*m = 2*d + 35, -2*d + 5*d = -2*m - 20. Let v = 2 + m. Let n = v + 13. What is the units digit of n?
2
Let q be (-7)/((-63)/(-12))*(-9)/(-6). Let d = 15 + q. What is the units digit of d?
3
Let n = -77 + 83. Suppose n*j - 1770 = -9*j. What is the tens digit of j?
1
Let h(a) = -3*a - 1. Let g be h(-1). Suppose 20 = 5*w + 5. Suppose -5*b = z + w*z - 38, g*b - 11 = -z. What is the units digit of z?
7
Suppose 0 = 3*m + 13 + 2, 4*x + 5*m + 5 = 0. Suppose 4*g + 377 = x*r, -2*r + 0*r = 3*g - 137. What is the tens digit of r?
7
Suppose -380 - 78 = -c. Suppose 4*t = 5*w - 1150, -2*w + 10*t = 8*t - c. What is the tens digit of w?
3
Suppose 0 = -0*n + 2*n - 10. Suppose 4*v + 11 = -n. Let d(b) = -b + 1. What is the units digit of d(v)?
5
Suppose -4*w - 20 = 0, -3*m = -w + 3 + 4. Let n = m + 17. What is the units digit of n?
3
Let c(v) = -v**3 + v**2 - 9*v - 27. What is the tens digit of c(-8)?
2
Let r(x) = x**2 - 9*x + 12. Let h be r(8). Suppose 6*w - 2*w = h*i - 140, -2*w - 31 = -i. Let u = -22 + i. What is the units digit of u?
7
What is the hundreds digit of 948*8/30*5?
2
Suppose -5*l = 2*b - 9095, 29*l = 32*l - 3. What is the hundreds digit of b?
5
Suppose -26*b + 16*b + 3170 = 0. What is the tens digit of b?
1
Let t(h) = -10*h**2 + 7*h**2 + 5 + 8*h + h**2 + 4*h. Let x be t(6). Suppose -x*u - u = -276. What is the units digit of u?
6
Let b(k) = -1 + 1 - 2 + 2*k**2 + 3 + 3*k + k**3. Let q = 30 - 27. What is the units digit of b(q)?
5
Suppose -20*g + 14518 - 3598 = 0. What is the tens digit of g?
4
Suppose 4*g - 238 = -3*f, -5*f = g - 3*g - 414. What is the tens digit of f?
8
Suppose -w + 41 = z, -2*z = -0*w - 3*w + 128. What is the units digit of (3/(-9))/((-1)/w)?
4
Let r(d) = 11 + 3*d**2 - 31 + 14*d - 2*d**2 - 2*d. What is the tens digit of r(-15)?
2
Let w(v) = v**2 - 7*v + 6. Let n be w(6). Let q(f) = -1 + 5 + n + f**2. What is the units digit of q(0)?
4
Suppose -3*m = 5*a - 16, -4*m - 5*a + 20 = m. Suppose -m*r = r - 3. What is the units digit of r?
1
Suppose -22 = -4*h + 3*n + 158, 5*n = 3*h - 146. Suppose 218 + h = 4*x. What is the units digit of x?
5
Let t = 264 - -330. Suppose 0*b + 3*b - n - t = 0, -5*b = -4*n - 997. What is the hundreds digit of b?
1
Suppose 5*h - 13 + 3 = 0. Suppose 0*c + 86 = 2*c - h*d, -38 = -c - 4*d. Suppose -5*w + c + 48 = 0. What is the units digit of w?
8
Let b = -34 - -40. Suppose -b*p + p = -2*f + 190, -5*f + 4*p = -441. What is the units digit of f?
5
Suppose -5*o + 231 = 5*n - 8*n, -5*o + n + 237 = 0. What is the tens digit of o?
4
Suppose 6 = b - 94. Let u = 186 - b. Let g = -60 + u. What is the tens digit of g?
2
Let d(f) = -26*f + 146. Let a(t) = 13*t - 73. Let c(k) = 9*a(k) + 4*d(k). What is the hundreds digit of c(18)?
1
Let g be (48/18 - 6)*36/(-2). Let d = 97 - g. What is the tens digit of d?
3
Let u be (-92)/((-7)/(7/2)). Suppose 3*y + 4*j = u, -24 = -3*y + y - j. Let q = y - 3. What is the units digit of q?
7
Let j be 0*(25/5)/10. Suppose -2*b - 7*b + 720 = j. What is the units digit of b?
0
Suppose 0 = 23*n - 26*n + 720. What is the units digit of n?
0
Let g(m) = -86*m + 1. Let v be g(1). Let f be (v - 0)/(2 - 1). Let r = f - -129. What is the tens digit of r?
4
Let o(i) = i**3 + 4. Let u be o(0). Suppose 3*h - 13 + u = 4*r, -h + 3 = -2*r. Let b = r - -9. What is the units digit of b?
9
Let s(x) = -12*x - 33. Suppose 0 = 3*l + 2*y + 29, -l + 4*y = -3*l - 22. What is the units digit of s(l)?
5
Let p = -225 - -396. Let y = p - 108. What is the units digit of y?
3
Suppose 2*d + 29 = 9. Let f be d/5 + (30 - -1). Suppose 2*w - w - f = 0. What is the tens digit of w?
2
Suppose 2*d + y + 0 + 6 = 0, -y - 8 = 3*d. What is the units digit of 165/2 + d/4?
2
Suppose -42*g + 1620 = 18*g. What is the units digit of g?
7
What is the units digit of (0 - 3)/((-30)/920)?
2
Let o(q) = 2*q + 51. Suppose 5*d = -2*l - 4, 2*l + 4 = 2*d - 0. What is the tens digit of o(d)?
5
What is the thousands digit of 3/(14/(-518280)*-18)?
6
Suppose 15 = -5*m, -3*g + m = 379 - 5296. What is the tens digit of g?
3
Let r = -64 + 66. Suppose 70 = 5*t - r*o, -2*t - 4*o + 42 = t. What is the units digit of t?
4
Let z(t) = -t**3 + 10*t**2 - 10*t + 7. Let f = -6 + 11. Suppose f*s - 2*l - 43 = -5, 2*s = l + 15. What is the tens digit of z(s)?
5
Suppose -943 = -4*m + 4*j + 881, 5*j + 1362 = 3*m. What is the units digit of m?
9
Let g(j) = -15*j + 9. What is the units digit of g(-16)?
9
Let y(c) = -c + 6. Let q be y(7). Let d = -10 - -13. What is the units digit of d/3 - (q + -1)?
3
Suppose -4*f - u = 4, 2*u = -5*f - 0*f - 8. Suppose 3*p + p + 3*r - 433 = 0, f = -p - 4*r + 118. What is the tens digit of p?
0
Let d(v) = -v**2 - 9*v + 13. Let w be d(-10). Suppose w*u = -u. Suppose 0 = -3*y - u*q + 3*q + 57, -25 = 5*q. What is the tens digit of y?
1
Let i(g) = 2*g + 15. Let d be i(-7). Let h = 0 + d. What is the units digit of (h + -2)/(2/(-64))?
2
Let q = 55 + -33. What is the units digit of (-115)/(-1)*q/55?
6
Let h(o) = 217*o**2 - 21*o - 94. What is the thousands digit of h(-5)?
5
Let d = 21 - 14. Let c(p) = d*p + 0*p - 8*p + 13. What is the units digit of c(7)?
6
Let k = 427 - -628. What is the tens digit of k?
5
What is the units digit of 2 + ((-2534)/21)/((-2)/3)?
3
Let p be (-6)/36 - (-1)/((-18)/(-129)). Let v(q) = 5*q**2 + 0 - q**3 + 2*q**2 - 5 + 6*q. What is the tens digit of v(p)?
3
Let d be 523/(-5) - 4/10. Let m = d + 69. Let n = -15 - m. What is the tens digit of n?
2
What is the tens digit of (309/7)/(28/196)?
0
Let i = -1 - -4. Suppose i*n = 6*n - 117. What is the units digit of n?
9
Let a(t) = 19*t**2 + 118*t + 14. Let h be a(-6). Let d(j) be the second derivative of -j**4/12 - 5*j**3/2 - 6*j**2 + j. What is the units digit of d(h)?
8
Let o(m) = 3*m + 4. Let n be o(8). What is the units digit of (-1 + (-12)/(-6))/(2/n)?
4
Suppose 0 = -9*p - 57 - 69. Suppose -4*k = -5*g - 0*k + 43, -g + 3*k + 13 = 0. What is the units digit of ((-13)/2)/(g/p)?
3
Suppose 4*i + n = 8*i - 1720, -3*i = n - 1290. What is the tens digit of i?
3
Let h(u) = 9*u - 45. Let a be h(13). Suppose 74*o - a*o = 342. What is the tens digit of o?
7
Suppose 11*r - 1665 = 6*r. Suppose 0 = 3*q + 2*q + v - r, -4*v = -q + 54. What is the units digit of q?
6
Suppose 4*d - 4230 = -5*a, 10*a - 14*a - 5*d = -3384. What is the tens digit of a?
4
Suppose 1288 = 2*v - 2*o, 4*o = 4*v - 9*v + 3256. What is the units digit of v?
8
Suppose 0 = 5*j - 2*t - 2132, -1720 = -4*j - 3*t + t. Suppose -4*c = -j - 304. What is the units digit of c?
3
Suppose b + 2*l - 64 = 0, 0*b + 3*b - 3*l - 201 = 0. What is the tens digit of b?
6
Let t(r) = 7*r**2 - 4*r + 2. Let o be t(2). Let k(b) = b**3 - 7*b**2 + 6*b. Let y be k(6). Let j = o + y. What is the units digit of j?
2
Let n(s) = 0*s**2 - 8*s + 11*s - 1 + 13*s + s**2. Let r be n(-17). Suppose -r = -c + 8. What is the units digit of c?
4
Suppose 2*a + 3*a = 25. Suppose 3*v + 2*v = a*k - 30, -9 = k + 4*v. Suppose k*z - 34 = -10. What is the units digit of z?
8
Let x(g) = -53*g - 483. What is the units digit of x(-48)?
1
Let j(a) = a - 6. Let q be j(7). Suppose -4*o - 5*l = q - 27, 5*o - 3*l - 14 = 0. What is the units digit of o?
4
Let u be (-290)/(-60) + (-1)/(-6). Suppose 5 = u*t - 25. Suppose r - t = 2. What is the units digit of r?
8
Let n = 2751 + 2333. What is the hundreds digit of n?
0
Let i = -13 + 52. What is the units digit of (i/(-6) + 2)*140/(-6)?
5
What is the thousands digit of (-4728 - 2)/(-1) + (-93 - -95)?
4
Let z(t) = 2*t**3 + 10*t**2 - 9*t + 11. What is the hundreds digi